-3 - (2 + -2).
-4
-1 + -5 + 3 + (-2 - -11)
6
What is the value of -1 + (-1 - 1) + -65 + 63?
-5
Evaluate -1 - 3 - (-5 + (0 - -4)).
-3
What is 3 - ((2 - -2) + 1)?
-2
Evaluate 29 + -29 - (7 + -2).
-5
What is the value of 6 + (1 - (5 - -4))?
-2
(2 - (4 + -2)) + -4
-4
What is 3 - 5 - (-4 - 2) - 12?
-8
What is (-5 - (3 + -9)) + (-2 - -4)?
3
6 - 4 - (4 + (-2 - -6))
-6
(1 - -7) + -139 + 134
3
What is 6 - 8 - (1 - 2)?
-1
Calculate 0 + -1 - (-1 + 1).
-1
Evaluate (-5 - (8 - 21)) + 2.
10
Calculate 4 - (9 + (-5 - 1)).
1
Evaluate -14 + 2 - (-19 - -14).
-7
-4 + (6 - 4) + -1 - 3
-6
Calculate -1 + -6 + (3 - 0) + -5.
-9
What is 16 - 17 - (3 + -9)?
5
What is (5 - (0 - (6 + -9))) + 5?
7
Calculate (-1 - -5) + -3 + -3 + 2.
0
13 - (1 - -16) - (-1 + -2)
-1
Calculate 3 - 8 - (-1 - 8).
4
-4 + 0 + 3 + -7 + 8
0
Calculate -1 + 1 + -10 + 13 + -6.
-3
Calculate -62 + 60 + (0 - -4).
2
-5 + (4 - -8) + -3
4
Evaluate 0 - -5 - -2 - (-202 + 209).
0
What is the value of -9 + 2 + 19 + (-8 - 5)?
-1
Evaluate 2 + -1 + 5 + -3.
3
Calculate (-5 - 6) + 23 + -8.
4
Evaluate -27 + 22 + (1 - 0) + 0.
-4
What is the value of 3 + -1 + (5 - 7)?
0
What is -8 + 5 - (9 + -12)?
0
What is the value of (8 - 2 - 10) + 4?
0
-7 + (4 - 0 - -4)
1
Evaluate -4 - (6 + 0) - (-1 + -3).
-6
0 - (3 - (1 - 2))
-4
Calculate (0 - 0 - -2) + 0.
2
1 + -6 + (1 - (5 - 7))
-2
Evaluate 5 + (2 - ((5 - 4) + 9)).
-3
Calculate 16 - 12 - (10 + (4 - 7)).
-3
(-4 - 1) + -31 + 38
2
What is the value of -6 - (1 + 7 - 6)?
-8
What is the value of -2 + 4 - ((1 - 1) + 7)?
-5
Evaluate (2 - 5 - 0) + 5.
2
(-5 - (1 - -1)) + (3 - 0)
-4
Calculate -4 + 1 + (-9 + 7 - -2).
-3
0 + (3 - 4 - 4 - 0)
-5
What is -1 + (1 - -2) + (8 - 13)?
-3
Evaluate (3 - (1 - 0)) + (-6 - -9).
5
What is 1 + 1 + (-3 - 1) - 2?
-4
What is 0 - (2 + (-4 - -1 - -4))?
-3
Calculate 11 - 13 - (-5 - -2).
1
-6 + (4 + 13 - 7)
4
What is the value of -2 + -15 + -38 + 48?
-7
What is the value of 2 - (5 + -13 - -11 - 4)?
3
Evaluate 3 + -7 + 7 + -6.
-3
Calculate (3 - 2) + 3 + -2.
2
Evaluate 9 + (-1 - (7 - 2)).
3
Evaluate 3 - (3 + -7 + (1 - -11)).
-5
Calculate 3 + 0 + -1 + -3.
-1
-1 + (2 - -1) + -4 + 7
5
Evaluate 1 + -6 + 3 + -5 + 0.
-7
Calculate -8 + -11 + 10 + 11.
2
What is the value of -5 + 4 + 0 + 0 + 2?
1
(2 - 0) + -3 + (2 - -1)
2
Evaluate 34 - 28 - (1 + 9).
-4
Evaluate (0 - -1) + (-6 - (-5 + -1)).
1
Evaluate 3 + -2 + 10 + -6.
5
Calculate (0 - -9) + (-3 - (-2 + 3)).
5
5 + -5 + 15 + -5
10
Evaluate 1 - (-3 - (4 - 7)).
1
Evaluate (-2 - 3) + 10 + -7 + 2.
0
What is the value of (2 - (10 - -2)) + 5?
-5
What is 1 + -9 - (40 - 44)?
-4
Evaluate 6 - 0 - (-65 + 73).
-2
Evaluate -9 - (2 + (2 - 10)).
-3
Calculate (-4 - -8) + -4 + 2.
2
Evaluate -3 - (6 - ((-8 - -5) + 8)).
-4
Evaluate 0 + -2 - (-7 - (-11 - -8)).
2
Evaluate 4 + (-2 - -3 - 1).
4
What is 7 + (-7 - -3) - 0?
3
12 - ((-7 - -15) + 0)
4
What is 1 + -2 - ((4 - 5) + 1)?
-1
Calculate 34 - 35 - (-5 + 2 + -4).
6
What is 0 + (1 - 4 - 1) + 2?
-2
What is -1 + 4 + -3 + 0 + 0?
0
(-3 - (1 - (2 + 4))) + 1
3
What is the value of 1 + (4 - (0 - -3))?
2
What is -1 + (7 - -1) + -6?
1
Calculate (-7 - 1) + (-2 - (-11 - -6)).
-5
Evaluate 2 + -9 + (-4 - -9).
-2
-1 - (-1 - (-2 - (-3 + -1)))
2
What is the value of 2 + (7 - -2) + -9?
2
Calculate 0 + -2 + (-2 + 11 - 3).
4
Evaluate -1 - 0 - (-15 + 16) - -2.
0
Calculate (16 - 24) + (12 - 7).
-3
Evaluate (-2 - (-8 + 2)) + -4 + 0.
0
Evaluate -6 - 5 - (-3 + -4).
-4
What is -4 + 20 - (5 - -2)?
9
(16 - 21 - -8) + (-11 - -1)
-7
Evaluate 0 - (-3 + (1 - -2 - 4)).
4
(1 - 0 - -4) + -2
3
Calculate -4 - ((0 - -2) + -2).
-4
Calculate (-2 - 0) + (1 - 4).
-5
Calculate 3 + (3 - 4) - (-1 + 3).
0
What is the value of 2 - -5 - 7 - (-1 - 4)?
5
Calculate (3 - (1 + 3)) + 3.
2
Evaluate 13 + -6 - (0 + 4).
3
1 + -4 + -5 + 5
-3
What is 9 + -6 + 6 + 0 + -5?
4
0 + (1 - 4) + (4 - 6)
-5
What is 35 + -46 - (0 - 8)?
-3
Calculate (-1 + -1 - 2) + 3 + 0.
-1
What is 20 + (-4 - (23 + -12))?
5
What is the value of 10 - (-4 - -9 - -4)?
1
Calculate (-5 - 0) + -3 + -8 + 12.
-4
Calculate 2 + -3 - (-1 - 2).
2
What is (1 - (0 - 0)) + (1 - -2)?
4
(5 - -1) + -3 + (4 - 1)
6
What is the value of (7 - 4) + -5 + 1 + 4?
3
What is the value of 2 + -4 + 2 + -2 + -1?
-3
What is 0 + 1 + -5 - 1?
-5
What is the value of (-2 - (-5 - -2)) + -4 + -2?
-5
Evaluate 11 + 7 + (-9 - 4).
5
What is the value of -9 + 1 + 11 - 3?
0
Calculate 1 + 1 - (-2 + 6 + 0).
-2
Calculate -4 - (1 + -3 + 1).
-3
Calculate (0 - 6 - -7) + 2.
3
What is the value of -11 + -7 + 15 + -1?
-4
Evaluate -1 + (3 - 6 - -7).
3
Evaluate -7 + 1 + (-3 - -7).
-2
Evaluate 3 + 2 + (4 - 5).
4
Calculate (-1 - 3) + 0 - -4.
0
Calculate (-14 + 4 - -2) + (1 - -4).
-3
3 - 2 - (1 + (-1 - -3))
-2
What is 3 + (-5 - -2) + (1 - -2)?
3
What is -7 + 9 - (1 + 2) - -4?
3
Calculate 7 + -2 + (-6 - 2).
-3
-4 - (2 + (-5 - -3)) - 0
-4
Evaluate 5 + -2 + -1 + -15 + 18.
5
What is the value of 5 + -1 + (77 - 75)?
6
What is (-6 - -10) + (-4 - 1)?
-1
What is -4 + (3 - 3) + -2?
-6
What is the value of 6 + (-1 - -3) + -4?
4
Calculate -3 - (7 - (-5 + 7) - 5).
-3
Calculate -1 + (-2 + 0 - -1 - -4).
2
Evaluate -3 + (-2 - -7) - 6.
-4
Evaluate (-1 - 3) + 1 + (8 - 2).
3
Calculate (-4 - (8 + -7)) + 11.
6
Calculate 0 - 0 - (8 - (-3 - -6)).
-5
Calculate 8 + 5 + (0 - 7).
6
What is the value of 3 - (0 - (-3 - -3 - -1))?
4
Evaluate (-1 - -2) + (-6 - -2 - -3).
0
What is -4 - -2 - (3 - 0 - 6)?
1
What is the value of -2 + 0 + 17 + -19?
-4
Evaluate 8 + -5 - (-1 - (-2 + 1)).
3
-5 + (-3 - -2) + 2 + 5
1
What is 3 + -1 + (-9 - (-3 + -1))?
-3
-1 + -11 - (2 - 7 - -1)
-8
Calculate (-2 - -3) + -3 + 0 - 1.
-3
-7 + 1 + 1 - -8
3
Calculate 6 - (0 + 0 + 2).
4
What is -1 + (-1 + 1 - 2) - -6?
3
What is 2 + (-2 - 2 - (-2 + 3))?
-3
What is -5 - ((-2 - -8) + -12)?
1
Evaluate (-15 - 5) + 3 + 5 - -4.
-8
What is -4 + (12 - (0 + -3)) + -7?
4
What is 4 + 0 - ((-11 - -5) + 15)?
-5
Calculate -9 + 8 + -9 + 7.
-3
Calculate 4 - (0 - -4) - -2.
2
What is the value of (8 - -2) + (2 - 7)?
5
0 - 5 - (-90 - -81)
4
Calculate -20 + 19 + -6 + 1.
-6
13 + (-2 - -6 - 12)
5
Evaluate 2 + -5 + (5 - 2).
0
What is -10 + 1 + 1 + 1?
-7
7 + (-1 - -2 - 6)
2
Evaluate 2 + -8 + 9 + -6 + 3.
0
6 - (9 - (1 - (-5 + 6)))
-3
What is 6 + -2 - (7 - 6)?
3
-7 - (-7 + (-1 - -6))
-5
What is the value of 0 + (-7 - -11) - (1 + 0)?
3
Evaluate -8 + 18 - 2 - (-1 + -1).
10
Evaluate -5 + 3 + 8 + -8.
-2
What is the value of (-1 - (-2 - 3)) + -1?
3
Calculate 2 - (-3 - -5 - 1) - -5.
6
2 + 3 - 4 - 2
-1
(-1 - 1) + (-5 - -7)
0
What is -8 + (6 - (-4 + 1))?
1
What is the value of 0 - 1 - (3 - (5 - -2))?
3
What is the value of 0 + 1 + (56 - 57)?
0
What is 9 + (0 - -9 - 18)?
0
(4 - 2) + -4 + 116 + -119
-5
What is the value of (-4 - (-7 - -4)) + 1 + 2?
2
Calculate -8 + 3 - (1 + -4 - 0).
-2
Evaluate 3 + (-8 + 5 - 5).
-5
What is the value of (-1 - -1) + 8 + -5?
3
Evaluate 1 + -1 - (-16 - -8 - -12).
-4
Evaluate (-2 - (3 + -1)) + 0 + 0.
-4
(2 - 0) + -5 - -4
1
Calculate 3 - (9 + (-5 - -3)).
-4
What is the value of -5 + (6 + -10 + 6 - -1)?
-2
What is the value of -7 + (-4 - -6) + -6 + 12?
1
Calculate -5 - (1 + (0 - (-3 + 5))).
-4
What is the value of (-2 + 4 - 10) + 9?
1
-2 + 1 + 2 + (3 - 7)
-3
What is (0 - (-14 - -7) - 6) + 2?
3
Calculate 5 + -3 - (7 - (0 - 0)).
-5
What is the value of 6 + (-2 - -2) - (35 + -38)?
9
What is (-8 - -15) + 2 + -7?
2
Calculate (15 - 0) + (0 - (3 + 3)).
9
What is the value of 0 - (-10 - (-5 + 1))?
6
Calculate 9 + -4 + -7 + -4.
-6
What is the value of -94 + 81 - (-11 - 2)?
0
What is (-4 - (5 - 4)) + 0 + 4?
-1
Calculate (0 - -11) + -11 - 7.
-7
Calculate 7 - 0 - (2 + 6).
-1
Calculate 11 + -8 + 3 + -6.
0
-1 + (8 - 2) - (56 - 56)
5
What is 2 + (0 - 1) + (-3 - -2)?
0
(5 - -3) + -1 - 9
-2
(-2 + (0 - 1) - -8) + -2
3
What is the value of 1 + -8 - -15 - 13?
-5
Evaluate (-1 - (1 - -1)) + 2 + -1.
-2
4 - (1 + -3 - (36 - 35))
7
Evaluate (10 - (-7 + 17)) + -1 + -1.
-2
Evaluate 5 + (0 - 2) - (2 - -1).
0
What is the value of (5 + 0 - (-1 - -4)) + 0?
2
What is 0 - 2 - (-4 + 7)?
-5
Evaluate -10 + (8 - (5 - 3)).
-4
What is 4 - (-8 + 12) - 0?
0
What is -3 - (-2 + -3 + 6 + -4)?
0
Evaluate 2 - (-8 + 20 + 0 + -5).
-5
Calculate -2 + (1 + 3 - 0).
2
What is -3 + -2 + -3 - -6?
-2
Calculate 1 + 0 - (-26 + 19 - -13).
-5
Calculate (-6 - (-10 - -6) - 1) + 5.
2
Calculate 0 + (-7 + 13 - 4).
2
What is (3 + -2 - -1) + 3 + -4?
1
Evaluate (37 - 29) + (-2